
Calculate the highest common factor of 2938194 and 567.
567
Calculate the greatest common factor of 24 and 105948.
12
What is the highest common factor of 314906 and 114?
38
What is the greatest common factor of 15 and 2570?
5
What is the greatest common factor of 2 and 186614?
2
Calculate the greatest common divisor of 725328 and 24.
24
Calculate the greatest common divisor of 9381 and 251538.
159
Calculate the highest common divisor of 1801211 and 236.
59
What is the greatest common divisor of 744 and 13390512?
744
What is the greatest common divisor of 4354 and 1582?
14
What is the greatest common divisor of 765 and 1221858?
153
What is the highest common factor of 2456 and 52?
4
What is the greatest common factor of 4008 and 5845?
167
What is the greatest common divisor of 1917 and 31851?
9
What is the greatest common factor of 15226 and 1863?
23
What is the highest common factor of 5548 and 1064?
76
What is the greatest common factor of 6 and 58722?
6
What is the highest common divisor of 100162 and 4941?
61
Calculate the greatest common factor of 1293 and 284029.
431
Calculate the greatest common factor of 9734 and 434.
62
Calculate the greatest common factor of 16 and 99508.
4
What is the greatest common factor of 182 and 706615?
91
What is the greatest common factor of 298836 and 18?
18
What is the greatest common factor of 76 and 65588?
76
What is the greatest common factor of 209 and 393338?
209
What is the greatest common divisor of 28112 and 42?
14
Calculate the highest common factor of 5135 and 9085.
395
What is the highest common factor of 1530061 and 962?
481
What is the greatest common divisor of 4558 and 2451?
43
What is the greatest common factor of 7182 and 19114?
38
What is the highest common factor of 368 and 36524?
92
Calculate the highest common factor of 545879 and 62.
31
What is the highest common factor of 2424 and 36?
12
Calculate the greatest common factor of 2328 and 106797.
291
Calculate the highest common factor of 2368 and 192.
64
What is the highest common divisor of 6451502 and 188?
94
Calculate the greatest common divisor of 763 and 10207414.
763
What is the greatest common divisor of 207630 and 270?
270
What is the greatest common factor of 235477 and 11?
11
What is the greatest common factor of 293466 and 9794?
118
Calculate the highest common factor of 886732 and 924.
308
Calculate the highest common divisor of 1771 and 71323.
161
What is the greatest common factor of 107 and 6376344?
107
What is the greatest common factor of 55 and 107877?
11
Calculate the greatest common divisor of 656368 and 16.
16
What is the highest common factor of 15209 and 2881?
67
Calculate the greatest common divisor of 328 and 4551.
41
Calculate the greatest common factor of 6422 and 18421.
169
Calculate the highest common divisor of 121912 and 1176.
392
What is the highest common divisor of 89238 and 1112?
278
What is the highest common factor of 30799 and 1729?
19
What is the highest common factor of 27511 and 2989?
61
What is the greatest common divisor of 152 and 3319832?
152
What is the greatest common divisor of 219 and 25039?
73
What is the highest common divisor of 1316 and 63308?
28
Calculate the greatest common divisor of 46722 and 624.
78
What is the greatest common divisor of 1257816 and 1134?
42
What is the highest common factor of 5205 and 5139070?
1735
Calculate the highest common factor of 80248 and 56.
56
Calculate the greatest common factor of 710 and 204835.
355
What is the highest common divisor of 137602 and 1286?
1286
Calculate the greatest common divisor of 304 and 3872.
16
Calculate the highest common divisor of 488 and 4907328.
488
Calculate the highest common factor of 21266 and 392.
98
Calculate the highest common factor of 1232 and 22106.
14
Calculate the highest common divisor of 3730 and 20142.
746
What is the greatest common factor of 13 and 912574?
13
Calculate the greatest common factor of 1696 and 80.
16
Calculate the highest common factor of 546 and 3553004.
182
Calculate the highest common factor of 264 and 51414.
66
What is the greatest common factor of 60 and 442110?
30
What is the highest common divisor of 351810 and 210?
30
Calculate the greatest common divisor of 19 and 24757.
19
What is the greatest common divisor of 5980 and 155756?
92
What is the highest common factor of 345 and 45195?
345
Calculate the greatest common divisor of 648 and 44568.
72
Calculate the highest common factor of 3910 and 12665.
85
Calculate the highest common factor of 16 and 7984.
16
Calculate the greatest common factor of 72 and 29466.
18
Calculate the greatest common factor of 223242 and 58.
58
Calculate the greatest common divisor of 47115 and 999.
27
What is the greatest common factor of 26226 and 15?
3
What is the greatest common factor of 20 and 3170?
10
What is the greatest common divisor of 613705 and 5?
5
Calculate the highest common divisor of 527 and 3317.
31
Calculate the greatest common divisor of 3306 and 2774.
38
What is the greatest common factor of 66 and 716386?
22
Calculate the greatest common divisor of 18668 and 780.
52
What is the highest common factor of 471360 and 1080?
120
What is the greatest common divisor of 417 and 2997?
3
Calculate the greatest common divisor of 998889 and 1221.
111
Calculate the greatest common divisor of 17696 and 115577.
553
Calculate the highest common factor of 138434 and 76.
38
What is the greatest common divisor of 6039 and 54961?
61
Calculate the highest common factor of 369 and 649563.
123
Calculate the highest common factor of 142 and 140722.
142
What is the highest common divisor of 3170 and 21790?
10
Calculate the greatest common divisor of 7258 and 2674.
382
Calculate the greatest common divisor of 104885 and 275.
55
Calculate the highest common factor of 59983 and 2255.
451
What is the highest common factor of 14345968 and 472?
472
What is the greatest common factor of 326277 and 357?
21
What is the highest common divisor of 63 and 12243?
21
Calculate the highest common factor of 10 and 691670.
10
What is the greatest common divisor of 4830 and 5334?
42
What is the highest common factor of 2124 and 2?
2
What is the greatest common factor of 601 and 13819995?
601
Calculate the highest common divisor of 16 and 9049616.
16
What is the greatest common divisor of 405 and 4545?
45
What is the greatest common factor of 168189 and 336?
21
Calculate the greatest common divisor of 1311 and 1748.
437
Calculate the highest common divisor of 128007 and 1980.
99
Calculate the highest common factor of 120 and 149.
1
Calculate the greatest common divisor of 16483 and 53.
53
Calculate the greatest common divisor of 12108 and 4.
4
Calculate the highest common factor of 13365 and 495.
495
Calculate the highest common factor of 23214 and 2190.
438
Calculate the highest common divisor of 2335020 and 75.
15
What is the greatest common factor of 738388 and 84?
28
What is the greatest common factor of 36869 and 2898?
161
What is the highest common factor of 37 and 201021?
37
What is the highest common divisor of 2170 and 26320?
70
What is the greatest common factor of 319267 and 52?
13
What is the greatest common divisor of 3600 and 66200?
200
Calculate the greatest common divisor of 328 and 43544.
8
What is the greatest common divisor of 2522442 and 876?
438
Calculate the highest common factor of 4205 and 2755.
145
Calculate the highest common divisor of 2086 and 320201.
1043
Calculate the highest common factor of 860 and 15140.
20
What is the highest common factor of 40 and 11285?
5
Calculate the highest common factor of 41 and 130831.
41
Calculate the highest common factor of 745 and 2855585.
745
What is the highest common divisor of 57925 and 75?
25
Calculate the highest common factor of 67 and 679648.
67
Calculate the highest common divisor of 740872 and 44.
44
Calculate the highest common factor of 807824 and 464.
464
What is the highest common factor of 86177 and 273?
91
Calculate the greatest common factor of 2373 and 812.
7
What is the highest common factor of 27790 and 2555?
35
Calculate the greatest common factor of 8588906 and 43.
43
What is the highest common divisor of 65 and 101569?
13
Calculate the highest common factor of 11470 and 14060.
370
Calculate